1
Calculate the greatest common factor of 368 and 1024.
16
What is the greatest common divisor of 8 and 4436?
4
Calculate the greatest common divisor of 8 and 46.
2
What is the greatest common divisor of 77 and 935?
11
Calculate the highest common divisor of 80 and 220.
20
Calculate the greatest common divisor of 20 and 35.
5
What is the greatest common factor of 108 and 23085?
27
Calculate the highest common divisor of 40 and 190.
10
What is the highest common factor of 10 and 55?
5
What is the highest common factor of 87 and 1073?
29
What is the highest common factor of 27 and 225?
9
Calculate the highest common divisor of 1989 and 4437.
153
Calculate the greatest common factor of 46 and 69.
23
What is the highest common divisor of 4 and 4772?
4
Calculate the highest common factor of 3611 and 69.
23
Calculate the highest common factor of 9789 and 39.
39
Calculate the highest common factor of 6 and 576.
6
What is the greatest common factor of 2491 and 1504?
47
What is the greatest common divisor of 714 and 168?
42
What is the highest common factor of 90 and 7866?
18
What is the highest common factor of 4 and 50?
2
Calculate the greatest common divisor of 735 and 35.
35
What is the greatest common factor of 664 and 415?
83
Calculate the greatest common factor of 303 and 707.
101
Calculate the greatest common factor of 497 and 284.
71
What is the highest common divisor of 490 and 294?
98
Calculate the greatest common divisor of 477 and 3127.
53
What is the highest common divisor of 11856 and 57?
57
Calculate the greatest common factor of 4318 and 4826.
254
What is the greatest common divisor of 496 and 112?
16
Calculate the greatest common factor of 24 and 492.
12
What is the highest common factor of 160 and 20?
20
Calculate the greatest common divisor of 610 and 976.
122
What is the greatest common factor of 234 and 36?
18
Calculate the highest common divisor of 200 and 700.
100
Calculate the highest common divisor of 18 and 3222.
18
What is the greatest common factor of 35 and 21?
7
Calculate the greatest common divisor of 127 and 5080.
127
What is the greatest common divisor of 1177 and 33?
11
What is the highest common divisor of 975 and 39?
39
Calculate the highest common divisor of 21 and 27.
3
Calculate the highest common divisor of 225 and 525.
75
Calculate the greatest common divisor of 178 and 445.
89
What is the highest common divisor of 597 and 18?
3
What is the greatest common divisor of 64 and 64?
64
What is the highest common factor of 75309 and 39?
39
What is the highest common factor of 1 and 31?
1
What is the greatest common factor of 42 and 63?
21
What is the greatest common factor of 445 and 178?
89
Calculate the highest common factor of 966 and 168.
42
Calculate the greatest common factor of 22 and 25.
1
What is the greatest common divisor of 90 and 15810?
30
Calculate the highest common factor of 147 and 98.
49
Calculate the greatest common divisor of 642 and 535.
107
What is the greatest common divisor of 544 and 68?
68
What is the highest common divisor of 1624 and 29?
29
Calculate the highest common factor of 324 and 54.
54
Calculate the greatest common factor of 3577 and 146.
73
Calculate the greatest common factor of 434 and 182.
14
What is the greatest common factor of 8459 and 11?
11
Calculate the highest common divisor of 24 and 372.
12
What is the highest common divisor of 7524 and 608?
76
What is the highest common factor of 36 and 732?
12
Calculate the greatest common divisor of 12 and 9.
3
What is the highest common divisor of 16 and 400?
16
What is the highest common divisor of 13662 and 99?
99
What is the greatest common factor of 3560 and 110?
10
What is the highest common divisor of 1460 and 30?
10
Calculate the greatest common factor of 225 and 3075.
75
What is the greatest common factor of 69 and 92?
23
Calculate the greatest common factor of 4420 and 1615.
85
Calculate the greatest common divisor of 352 and 208.
16
What is the greatest common factor of 1034 and 282?
94
Calculate the greatest common divisor of 84 and 14.
14
Calculate the greatest common divisor of 70 and 55.
5
Calculate the highest common divisor of 27 and 1323.
27
What is the highest common factor of 148 and 6734?
74
What is the greatest common factor of 36 and 189?
9
What is the greatest common factor of 66 and 5159?
11
What is the highest common factor of 2224 and 139?
139
Calculate the highest common factor of 15 and 1515.
15
What is the highest common factor of 213 and 12?
3
What is the highest common divisor of 4836 and 96?
12
Calculate the highest common factor of 243 and 4536.
81
What is the highest common divisor of 64 and 7648?
32
Calculate the greatest common divisor of 3 and 1854.
3
Calculate the highest common divisor of 185 and 3071.
37
What is the highest common divisor of 4266 and 632?
158
Calculate the highest common factor of 450 and 342.
18
Calculate the greatest common factor of 90 and 19380.
30
What is the greatest common factor of 26 and 182?
26
What is the greatest common divisor of 34 and 83827?
17
Calculate the highest common factor of 8917 and 148.
37
What is the highest common factor of 580 and 720?
20
What is the highest common factor of 1990 and 70?
10
Calculate the greatest common divisor of 2259 and 9.
9
Calculate the highest common factor of 156 and 12831.
39
Calculate the highest common divisor of 32 and 56.
8
Calculate the greatest common divisor of 31 and 1457.
31
Calculate the highest common divisor of 70 and 15.
5
What is the greatest common divisor of 26 and 28418?
26
What is the greatest common divisor of 2590 and 140?
70
What is the highest common factor of 96 and 18?
6
What is the greatest common factor of 9 and 711?
9
What is the greatest common divisor of 3435 and 15?
15
Calculate the greatest common factor of 22 and 935.
11
Calculate the highest common divisor of 15 and 615.
15
What is the greatest common divisor of 17 and 1088?
17
What is the greatest common divisor of 426 and 1349?
71
What is the greatest common divisor of 128 and 252?
4
What is the greatest common factor of 3213 and 238?
119
What is the greatest common factor of 632 and 395?
79
What is the greatest common divisor of 1647 and 486?
27
Calculate the greatest common factor of 600 and 264.
24
What is the highest common divisor of 16300 and 100?
100
What is the highest common divisor of 1445 and 5?
5
What is the greatest common divisor of 345 and 207?
69
What is the greatest common factor of 10735 and 95?
95
Calculate the highest common factor of 2620 and 60.
20
Calculate the highest common factor of 35 and 225.
5
What is the greatest common factor of 32 and 5792?
32
Calculate the highest common factor of 90 and 1110.
30
What is the highest common factor of 490 and 406?
14
What is the greatest common divisor of 60 and 164?
4
What is the greatest common factor of 3417 and 67?
67
What is the greatest common divisor of 670 and 50?
10
Calculate the highest common factor of 4455 and 9.
9
Calculate the greatest common factor of 221 and 1088.
17
Calculate the greatest common divisor of 42 and 567.
21
Calculate the greatest common factor of 144 and 40.
8
What is the highest common divisor of 340 and 40?
20
Calculate the greatest common factor of 30 and 10.
10
What is the greatest common factor of 158 and 79?
79
What is the highest common divisor of 1392 and 13688?
232
What is the greatest common factor of 10420 and 20?
20
What is the greatest common divisor of 1338 and 6?
6
Calculate the greatest common factor of 2147 and 565.
113
What is the highest common divisor of 24 and 600?
24
What is the greatest common factor of 525 and 903?
21
What is the highest common divisor of 4776 and 48?
24
What is the greatest common factor of 5400 and 25?
25
Calculate the greatest common divisor of 1992 and 240.
24
Calculate the greatest common factor of 65 and 215.
5
Calculate the highest common divisor of 3465 and 6615.
315
Calculate the highest common factor of 174 and 18.
6
Calculate the highest common factor of 710 and 10.
10
What is the highest common factor of 12 and 4?
4
What is the greatest common factor of 52 and 247?
13
Calculate the highest common divisor of 16 and 184.
8
Calculate the highest common factor of 219 and 949.
73
What is the g